7
What are the prime factors of 536473332?
2, 3, 43, 346559
List the prime factors of 54514833.
3, 31, 419, 1399
List the prime factors of 803611957.
421, 1908817
What are the prime factors of 290076134?
2, 17, 151, 56501
What are the prime factors of 12603191?
47, 268153
What are the prime factors of 458293817?
2179, 210323
List the prime factors of 75901346.
2, 1399, 27127
What are the prime factors of 4101306144?
2, 3, 13, 37, 88819
List the prime factors of 88933763.
617, 144139
List the prime factors of 143668252.
2, 7, 13, 97, 313
What are the prime factors of 148056098?
2, 74028049
What are the prime factors of 7874783?
7, 1124969
List the prime factors of 7091582318.
2, 23, 1559, 98887
List the prime factors of 790757854.
2, 395378927
List the prime factors of 123728179.
123728179
List the prime factors of 2221741656.
2, 3, 71, 277, 523
List the prime factors of 88908689.
2083, 42683
List the prime factors of 105408892.
2, 26352223
List the prime factors of 54143948.
2, 13535987
What are the prime factors of 400832836?
2, 100208209
List the prime factors of 173676108.
2, 3, 14473009
What are the prime factors of 1319202411?
3, 89, 1283, 3851
List the prime factors of 346384258.
2, 11, 15744739
What are the prime factors of 528113248?
2, 13, 59, 21517
List the prime factors of 1561686060.
2, 3, 5, 11, 2366191
What are the prime factors of 7662275?
5, 306491
List the prime factors of 305226208.
2, 7, 139, 9803
What are the prime factors of 58792719?
3, 19597573
List the prime factors of 599801938.
2, 10463, 28663
What are the prime factors of 10300881?
3, 41, 83, 1009
What are the prime factors of 33282109?
7, 1951, 2437
List the prime factors of 50352616.
2, 6294077
What are the prime factors of 6168222?
2, 3, 342679
What are the prime factors of 231920262?
2, 3, 7, 53, 34729
List the prime factors of 996299053.
2957, 336929
What are the prime factors of 338330146?
2, 7, 11, 37, 59377
List the prime factors of 1067606417.
1067606417
List the prime factors of 2150410403.
167, 12876709
List the prime factors of 1812795762.
2, 3, 16747, 18041
List the prime factors of 507386098.
2, 691, 367139
What are the prime factors of 101801451?
3, 33933817
List the prime factors of 2908106754.
2, 3, 7, 97, 113, 6317
List the prime factors of 3750261638.
2, 35221, 53239
What are the prime factors of 5191746?
2, 3, 7, 17659
List the prime factors of 24977278.
2, 2417, 5167
List the prime factors of 26282156.
2, 6570539
What are the prime factors of 307862429?
7, 23, 911, 2099
What are the prime factors of 24815373?
3, 11, 41, 18341
List the prime factors of 12922044.
2, 3, 23, 46819
List the prime factors of 172865454.
2, 3, 28810909
What are the prime factors of 1366781187?
3, 23, 43, 101, 4561
List the prime factors of 1349770583.
7, 19, 367, 27653
What are the prime factors of 134664946?
2, 13, 398417
List the prime factors of 2275579522.
2, 43, 601, 44027
What are the prime factors of 696182383?
13, 239, 224069
What are the prime factors of 36852092?
2, 9213023
List the prime factors of 65836542.
2, 3, 37, 296561
What are the prime factors of 52353153?
3, 241, 24137
What are the prime factors of 3095524623?
3, 31, 33285211
List the prime factors of 768069685.
5, 153613937
What are the prime factors of 53272684?
2, 13318171
List the prime factors of 6427195767.
3, 43, 2857, 5813
What are the prime factors of 507236247?
3, 7, 8051369
What are the prime factors of 16709248?
2, 31, 4211
List the prime factors of 3801585174.
2, 3, 179, 3539651
What are the prime factors of 1209845491?
1297, 932803
List the prime factors of 77930279.
7, 23, 29, 16691
What are the prime factors of 458199186?
2, 3, 853, 89527
List the prime factors of 98993577.
3, 32997859
List the prime factors of 5936165461.
29147, 203663
What are the prime factors of 13965802?
2, 6982901
What are the prime factors of 30633030?
2, 3, 5, 107, 3181
List the prime factors of 222218997.
3, 7, 11, 13, 73999
List the prime factors of 250658.
2, 125329
List the prime factors of 32391427.
43, 53, 61, 233
List the prime factors of 796474912.
2, 23, 127, 8521
What are the prime factors of 214841687?
31, 2273, 3049
List the prime factors of 7726283.
43, 47, 3823
What are the prime factors of 139212211?
59, 293, 8053
What are the prime factors of 86334779?
577, 149627
List the prime factors of 4085435778.
2, 3, 11171, 60953
List the prime factors of 704840010.
2, 3, 5, 7, 37, 12959
List the prime factors of 32943521.
13, 23, 239, 461
What are the prime factors of 4169587710?
2, 3, 5, 138986257
List the prime factors of 256392959.
53, 4837603
List the prime factors of 164907543.
3, 29, 1895489
What are the prime factors of 493476425?
5, 13, 17, 89317
What are the prime factors of 8858799?
3, 37, 719
What are the prime factors of 196885885?
5, 7, 19, 107, 2767
What are the prime factors of 4601326643?
1787, 2574889
List the prime factors of 43222550.
2, 5, 7, 123493
What are the prime factors of 56862616?
2, 7107827
What are the prime factors of 749221939?
53, 67, 101, 2089
What are the prime factors of 51414365?
5, 97, 227, 467
What are the prime factors of 1785635089?
7, 103, 2476609
What are the prime factors of 47657937?
3, 211, 75289
What are the prime factors of 52125407?
52125407
List the prime factors of 92249330.
2, 5, 9224933
What are the prime factors of 1568053405?
5, 23, 41, 332567
List the prime factors of 397199494.
2, 373, 532439
List the prime factors of 261309564.
2, 3, 41, 79, 83
List the prime factors of 96836480.
2, 5, 13, 103, 113
What are the prime factors of 15280083?
3, 7, 13, 691
List the prime factors of 49886974.
2, 24943487
List the prime factors of 125246602.
2, 13, 4817177
What are the prime factors of 62128860?
2, 3, 5, 19, 54499
What are the prime factors of 15744153?
3, 353, 14867
List the prime factors of 3886775213.
3191, 1218043
What are the prime factors of 135183355?
5, 29, 41, 22739
What are the prime factors of 355245953?
355245953
List the prime factors of 19853998.
2, 9926999
What are the prime factors of 2265310725?
3, 5, 30204143
List the prime factors of 57640716.
2, 3, 7, 228733
What are the prime factors of 93431265?
3, 5, 19, 327829
List the prime factors of 58939427.
41, 379, 3793
List the prime factors of 337219028.
2, 84304757
What are the prime factors of 5237004233?
71, 73760623
List the prime factors of 1458425313.
3, 19, 2617, 3259
List the prime factors of 19499020.
2, 5, 29, 33619
List the prime factors of 737458551.
3, 709, 115571
What are the prime factors of 307124227?
17, 19, 127, 7487
List the prime factors of 22615263.
3, 11, 19, 1093
What are the prime factors of 136682484?
2, 3, 739, 15413
What are the prime factors of 2252680159?
2252680159
List the prime factors of 2654835753.
3, 17, 31, 1679213
List the prime factors of 2315578876.
2, 13, 227, 196169
List the prime factors of 2864808580.
2, 5, 31, 41, 251, 449
List the prime factors of 26156470.
2, 5, 43, 59, 1031
What are the prime factors of 145017665?
5, 13, 739, 3019
What are the prime factors of 404871649?
7, 13, 37, 120247
What are the prime factors of 396075258?
2, 3, 2444909
List the prime factors of 99477553.
7, 23, 617873
List the prime factors of 649920559.
47, 1481, 9337
List the prime factors of 195578734.
2, 13, 137, 54907
What are the prime factors of 71836278?
2, 3, 11972713
List the prime factors of 3767194766.
2, 8293, 227131
List the prime factors of 87129865.
5, 23, 757651
What are the prime factors of 28175028?
2, 3, 7, 335417
List the prime factors of 28880731.
11, 2625521
What are the prime factors of 69532489?
13, 149, 35897
List the prime factors of 1129182016.
2, 701, 25169
List the prime factors of 8325986998.
2, 7, 19, 4471529
List the prime factors of 48168820.
2, 5, 7, 17, 37, 547
List the prime factors of 9138288.
2, 3, 61, 3121
List the prime factors of 412404198.
2, 3, 68734033
What are the prime factors of 2575146255?
3, 5, 11, 109, 131, 1093
What are the prime factors of 40212548?
2, 17, 769
List the prime factors of 92921147.
11, 8447377
List the prime factors of 24395241.
3, 13, 103, 6073
List the prime factors of 53441212.
2, 11, 1214573
What are the prime factors of 1481498864?
2, 17, 5446687
List the prime factors of 341606060.
2, 5, 107, 